Calculate o(20).
12
Let k(l) = 2*l - 48. What is k(0)?
-48
Let i(m) = -m**3 + 12*m**2 + 12*m + 3. What is i(13)?
-10
Let a(j) = j**2 - 9*j - 9. Calculate a(7).
-23
Let y(s) = -s**3 - 26*s**2 + 89*s + 70. Determine y(-29).
12
Let a(k) = k**2 + 39*k + 311. Calculate a(-28).
3
Let y(f) = f**3 + 10*f**2 + 6*f + 6. What is y(-9)?
33
Let g(y) = -y**3 - 5*y**2 + 84*y - 10. What is g(-12)?
-10
Let i(d) = -2*d**2 + 8*d - 3. Determine i(6).
-27
Let c(q) = q + 7. Calculate c(-9).
-2
Let y(p) = p**2 + 2*p + 10. Give y(-6).
34
Let m(o) = 5*o - 2. What is m(6)?
28
Let l(k) = -23*k**2 - 229*k + 5. What is l(-10)?
-5
Let q(w) = w**2 + 7*w + 5. What is q(-7)?
5
Let q(y) = -4*y**2 - 4*y + 2. Determine q(-2).
-6
Let b(g) = -5*g + 25. What is b(6)?
-5
Let g(j) = -5*j**2 - 4*j - 3. Calculate g(-1).
-4
Let u(r) = 2*r**3 - 2*r**2 + 4*r. What is u(3)?
48
Let v(k) = k + 7. Give v(-16).
-9
Let f(i) = i**3 - 6*i**2 + 5*i - 27. Give f(6).
3
Let n(d) = d**3 - 9*d**2 - d + 13. Calculate n(9).
4
Let z(x) = x**3 - 13*x**2 + 15*x - 11. Give z(12).
25
Let p(v) = -5*v**3 - 3*v**2 + v. Give p(2).
-50
Let b(s) = 2*s**2 + 83*s - 171. Determine b(2).
3
Let l(r) = r**3 + 5*r**2 - 11*r + 31. Calculate l(-7).
10
Let j(u) = 14*u - 17. Give j(9).
109
Let d(r) = -2*r + 16. Determine d(0).
16
Let t(j) = -j**3 + 6*j**2 - 7*j + 4. Calculate t(5).
-6
Let r(q) = 6*q - 144. Calculate r(24).
0
Let g(a) = -a**3 - 4*a**2 + 7*a + 6. Calculate g(-5).
-4
Let i(l) = l - 8. Calculate i(-8).
-16
Let u(l) = -3*l - 25. Calculate u(-12).
11
Let s(b) = 39*b**3 - b - 1. Determine s(-1).
-39
Let n(a) = a**3 + a**2 - 2*a. Determine n(-2).
0
Let c(f) = -f - 23. Calculate c(-17).
-6
Let d(v) = v**2 - 3*v - 11. Give d(5).
-1
Let o(p) = 10*p - 216. What is o(21)?
-6
Let t(r) = -r**3 - 8*r**2 - 4*r + 18. Give t(-7).
-3
Let q(l) = -2*l**2 - 27*l + 105. What is q(-17)?
-14
Let z(q) = -q**3 - 14*q**2 - 18. Determine z(-14).
-18
Let h(p) = -12*p**3 + p**2 + p - 1. Determine h(1).
-11
Let m(b) = 3*b**3 + 6*b**2 - 26*b - 9. What is m(-4)?
-1
Let f(q) = -44*q**3 - q**2 - q + 2. Give f(1).
-44
Let i(s) = s + 4. Determine i(-9).
-5
Let p(w) = -w + 1. Determine p(9).
-8
Let m(c) = -2*c**3 + 2*c**2 + 6*c. Give m(-2).
12
Let k(h) = -h**3 - 9*h**2 + 5*h - 8. Give k(-9).
-53
Let p(f) = f + 45. Give p(4).
49
Let v(i) = -6*i**2 + i + 1. Calculate v(3).
-50
Let m(j) = 2*j + 6. Calculate m(-11).
-16
Let i(v) = -7*v**2 + 3*v + 3. What is i(-2)?
-31
Let o(q) = 2*q + 15. Determine o(-13).
-11
Let g(a) = -2*a**3 - a**2 + 4*a + 1. Give g(2).
-11
Let d(p) = 40*p + 92. Give d(-3).
-28
Let j(p) = 2*p - 14. Determine j(23).
32
Let j(a) = -a**3 + 7*a**2 + 2*a - 8. What is j(7)?
6
Let l(j) = -20*j + 38. Give l(2).
-2
Let n(a) = 3*a**3 + 2*a**2 - 4*a - 4. Calculate n(-2).
-12
Let k(s) = s**3 - 6*s**2 + 6*s + 5. Give k(5).
10
Let k(w) = -w + 5. Determine k(9).
-4
Let p(w) = -6*w + 3. Determine p(5).
-27
Let z(f) = f**2 - 27*f - 243. Give z(34).
-5
Let n(l) = l - 6. What is n(6)?
0
Let s(p) = -p + 18. Calculate s(0).
18
Let m(h) = 9*h**2 - 32*h - 1. What is m(2)?
-29
Let a(g) = -5*g**3. What is a(-1)?
5
Let k(m) = 9*m + 2. What is k(-2)?
-16
Let g(n) = -4*n + 14. Determine g(4).
-2
Let y(u) = -u**3 - 6*u**2 - 4*u - 4. What is y(-5)?
-9
Let u(h) = 6*h**2 + 8*h + 2. Determine u(-2).
10
Let g(b) = b**3 - 6*b**2 + 10*b + 4. Give g(4).
12
Let n(i) = i**2 - 7. Determine n(3).
2
Let m(h) = -10*h + 88. Determine m(10).
-12
Let r(z) = 4*z**2 - 2*z - 4. What is r(2)?
8
Let r(i) = 2*i**2 + 8*i + 5. What is r(-6)?
29
Let o(h) = -h - 27. Calculate o(27).
-54
Let v(a) = -4*a**2 - 2*a - 5. What is v(-4)?
-61
Let a(g) = 8*g + 28. Calculate a(-5).
-12
Let t(s) = -s**2 - 2*s + 4. Calculate t(0).
4
Let z(b) = b**3 - 6*b + 2. What is z(4)?
42
Let c(l) = l**2 - 3*l - 16. Calculate c(5).
-6
Let i(l) = -l**2 - 2*l + 2. Determine i(0).
2
Let h(f) = -2*f + 13. What is h(-12)?
37
Let r(c) = -c**2 - 7*c - 4. Give r(-9).
-22
Let o(t) = -t**2 + 25*t + 126. Determine o(29).
10
Let d(m) = -m**2 - 4*m + 1. Give d(-3).
4
Let h(k) = k**3 - 9*k**2 - 4*k - 17. Determine h(8).
-113
Let y(n) = -2*n + 29. What is y(21)?
-13
Let c(m) = -m**2 + 7*m - 34. Calculate c(8).
-42
Let t(c) = -16*c + 9. Determine t(-6).
105
Let w(s) = -23*s - 325. Calculate w(-14).
-3
Let t(q) = 3*q + 2. Give t(-1).
-1
Let t(c) = -c**3 + 9*c**2 + 22*c + 7. Calculate t(12).
-161
Let n(s) = -15*s**2 - 3*s - 1. Calculate n(-1).
-13
Let o(x) = -5*x - 202. What is o(-44)?
18
Let g(p) = 26*p**3 + p**2 - 1. What is g(1)?
26
Let f(q) = -q**2 - 17*q - 14. Calculate f(-16).
2
Let t(g) = -g**2 + 16*g - 1. What is t(19)?
-58
Let r(n) = -n**3 - 6*n**2 + 5*n + 35. Give r(-3).
-7
Let c(l) = -l**3 - 4*l**2 - 3. What is c(-4)?
-3
Let h(a) = -a**2 - 4*a + 2. Calculate h(5).
-43
Let v(u) = u**2 - 3*u - 3. Calculate v(-5).
37
Let v(u) = 2*u**2 - 32*u - 9. What is v(18)?
63
Let a(y) = -y**3 - 6*y**2 - y - 4. What is a(-2)?
-18
Let m(d) = -5*d + 24. What is m(4)?
4
Let v(u) = u**2 + 2*u - 16. What is v(-8)?
32
Let n(s) = s**3 + 2*s**2 + 2*s + 5. Give n(-4).
-35
Let h(q) = -q**3 - 12*q**2 - 22*q - 19. Determine h(-6).
-103
Let x(h) = h**2 - 23*h + 81. Calculate x(3).
21
Let u(h) = -6*h**3 + h**2 + 5*h + 3. Determine u(-2).
45
Let i(y) = -y**3 + 12*y**2 - 13*y + 15. Calculate i(11).
-7
Let z(f) = -f**2 + 13*f - 20. Give z(8).
20
Let z(b) = b**2 - b - 20. Give z(5).
0
Let c(v) = -2*v**2 - 16*v + 36. Calculate c(2).
-4
Let q(h) = -h**3 + 12*h**2 + 15. Calculate q(12).
15
Let j(x) = x**3 + 3*x**2 - 5*x - 5. Give j(-4).
-1
Let u(q) = q + 31. Calculate u(8).
39
Let w(g) = 15*g**3 + 1. Calculate w(-1).
-14
Let l(k) = 11*k + 430. Calculate l(-39).
1
Let k(h) = -9*h - 155. Calculate k(-20).
25
Let m(t) = t**2 - 16*t + 8. What is m(5)?
-47
Let k(a) = 2*a**3 + 2*a**2 + 2. Give k(-3).
-34
Let y(n) = -6*n - 6. Give y(-2).
6
Let o(z) = -2*z + 18. Give o(23).
-28
Let a(c) = 41*c**2 + 1. Calculate a(1).
42
Let q(k) = 5*k + 26. Determine q(-7).
-9
Let m(q) = -q**3 - 7*q**2 - q + 4. What is m(-5)?
-41
Let d(x) = -x**2 - 19*x + 25. Calculate d(-20).
5
Let q(k) = k**3 - 5*k**2 - 13*k - 9. Give q(7).
-2
Let o(g) = 2*g - 18. What is o(6)?
-6
Let k(r) = -6*r - 18. Calculate k(5).
-48
Let n(q) = -12*q**2 - q + 1. Calculate n(1).
-12
Let r(w) = w**3 - 8*w**2 - 6*w - 20. Give r(9).
7
Let y(u) = u**2 - 13*u + 29. Determine y(9).
-7
Let h(r) = 51*r**3 - r. Give h(-1).
-50
Let l(c) = -c**3 - 6*c**2 - c + 14. Determine l(-7).
70
Let n(m) = -8*m**2 + 2*m + 2. Calculate n(-2).
-34
Let v(t) = -2*t - 42. Calculate v(-19).
-4
Let o(u) = u**2 + 4*u. Give o(-6).
12
Let a(f) = 76*f**2 + f - 2. What is a(1)?
75
Let i(y) = -4*y + 40. Calculate i(8).
8
Let o(b) = -b**3 + 9*b**2 - 7*b + 2. Give o(8).
10
Let k(m) = 6*m + 7. Determine k(-5).
-23
Let n(u) = -u - 45. What is n(-15)?
-30
Let b(s) = -16*s + 37. What is b(2)?
5
Let u(h) = -43*h + 124. Calculate u(3).
-5
Let q(m) = m + 22. What is q(7)?
29
Let h(y) = -y**2 + 94*y - 102. What is h(93)?
-9
Let h(s) = -s - 2. Give h(14).
-16
Let p(z) = -z**2 - 17*z - 76. Determine p(-10).
-6
Let t(y) = -y + 8. What is t(-22)?
30
Let b(v) = -3*v + 13. Give b(12).
-23
Let w(i) = -i - 9. What is w(-9)?
0
Let u(f) = 2*f**2 - 21*f - 5. Calculate u(13).
60
Let f(h) = -10*h + 1. Give f(-2).
21
Let f(d) = -2*d**3 + d**2 + d + 1. Determine f(-2).
19
Let r(g) = g**3 - 9*g**2 + 9*g + 16. What is r(8)?
24
Let z(t) = -10*t + 151. Determine z(18).
-29
Let p(q) = -3*q - 17. Determine p(-5).
-2
Let o(g) = -g**2 + 8*g - 8. Give o(8).
-8
Let a(x) = 19*x**3 + x + 1. Determine a(-1).
-19
Let i(x) = 2*x - 4. What is i(-4)?
-12
Let m(f) = -16*f - 19. What is m(-1)?
-3
Let u(t) = -t + 14. Calculate u(5).
9
Let x(f) = -2*f**2 + 24*f - 39. Give x(9).
15
Let q(k) = -8*k + 3. Give q(-1).
11
Let k(v) = -24*v**3 - v**2 + 1. Give k(1).
-24
Let y(z) = 3*z**3 + 59*z**2 - 14*z + 127. Give y(-20).
7
Let v(n) = 2*n**3 - 16*n**2 - 17*n - 19. Determine v(9).
-10
Let f(a) = -a**3 + 9*a**2 - 5*a - 19. Give f(8).
5
Let n(h) = -h**3 + 3*h**2 + 5*h - 5. What is n(4)?
-1
Let u(l) = l + 6. What is u(-7)?
-1
Let t(q) = -3*q**2 + 13*q + 4. Calculate t(6).
-26
Let i(y) = -y**3 - 8*y**2 - y + 36. Give i(-7).
-6
Let b(r) = r**2 + 14*r + 64. What is b(-15)?
79
Let h(f) = f + 8. What is h(-4)?
4
Let a(c) = c**2 - 2*c. What is a(3)?
3
Let m(j) = 5*j - 6. Give m(-7).
-41
Let v(o) =